a**4 + 12*a**2 + 7/6*a**3 + 0. Determine t(-5).
2
Suppose 48*w - 205 = 55*w - 23. Let q(s) = s**2 + 27*s + 27. What is q(w)?
1
Suppose 5*u = 5*h - 35, 5*u + 5 = -0*h - h. Let n be u/6 - 14/3. Let a(g) = -53*g + 3. Let x(c) = -26*c + 1. Let p(w) = -a(w) + 2*x(w). Determine p(n).
-6
Let d be (-4)/(-22) + (-240)/110. Let r(v) = -2*v**2 - v - 3. Let w(u) = -u**2 - u - 4. Let s(x) = d*r(x) + 3*w(x). Suppose 2*b + 6 = 6. What is s(b)?
-6
Let v(o) = -3*o**2 + 6*o - 6. Let c(z) = -z**3 - 12*z**2 - 5*z - 58. Let d be c(-12). Determine v(d).
-6
Suppose -5*o = 8*a - 3*a - 465, -4*a - 2*o = -382. Let d(n) = -a - 8*n + n**3 + 45 - 9*n**2 + 48. Give d(10).
15
Let s(q) = -q**3 - 10*q**2 + 9*q - 5. Suppose 0 = -2*n + 21*n + 10127. Let u = 522 + n. What is s(u)?
17
Let y(n) be the third derivative of 11*n**4/24 - 2*n**3/3 - 73*n**2. What is y(2)?
18
Let w = -7651 + 7656. Let m(p) = p**3 - 4*p**2 - 5*p + 5. What is m(w)?
5
Suppose 0 = 5*h, -5*h = 5*x + 6 - 1. Let n(q) be the second derivative of 11*q**5/20 + q**2/2 - 2*q - 1527. What is n(x)?
-10
Let v(t) = 6*t - 88. Let o be (-1348 + 1373)*((-3)/((-6)/4))/2. Determine v(o).
62
Let w be (14/8 + -3)/(2/(-8)). Let k be 16/64 + (-14)/(-8). Let x(v) = -v + v**3 - 6*v**2 - 3*v**k + 3*v**2 + v**2 + 7. Calculate x(w).
2
Let z = -61 - -59. Let a be (9/(-12))/(z/8). Suppose -a*o + o = -6. Let j(b) = -b**3 + 4*b**2 - 3*b + 4. Calculate j(o).
4
Let a(y) = 4*y + 8 + 14*y + y**3 + y**2 - 6*y**2 - 24*y. Let w be (6*-1)/(-27 + 26). Give a(w).
8
Suppose 281*r - 299 = 258*r. Let f(w) = 8*w - 17. What is f(r)?
87
Let n(w) = -4 + w + 0 + 1. Let x = -52 + -344. Let y = x + 405. Give n(y).
6
Let p = -35438 + 35440. Let y(x) = x**3 - 3*x + 17 - 14 + x**2 + 0*x + 0*x**2. Calculate y(p).
9
Let j(v) = -160 + v**2 - 139 - 139 + 445 - v. What is j(-3)?
19
Let z(q) = q**2 - 14*q + 44. Let x be z(4). Let p(o) = -o**3 + 6*o**2 - 6*o + 10. What is p(x)?
18
Let c = 493 + -489. Let v(j) = j - c + 1 + 8*j - 2*j. Calculate v(3).
18
Let p(i) = 11 - 22*i + 41*i - 18*i. Let x = 1280 + -1271. Calculate p(x).
20
Let h(n) = -n**2 - 10*n - 24. Let t be h(-9). Let w be ((-14)/21)/((-10)/t). Let p(o) = o**3 - o**2 - 2*o - 2. Determine p(w).
-2
Let q = -13 + 21. Let f(y) be the third derivative of -y**6/120 + 3*y**5/20 - y**4/4 + 5*y**3/3 - 372*y**2 + 7*y. What is f(q)?
26
Let l(n) = 23 + 4*n + 26 - 3*n - 53 + 36. Determine l(18).
50
Let p(c) be the first derivative of -5*c**3/3 + 2*c**2 + 6*c - 5191. What is p(-2)?
-22
Let m be 1/1*(-4 - 8/(-4)). Let j(f) = 4*f**2 + f - 2. Let h(c) = -5*c**2 - 2*c + 4. Let o(p) = m*h(p) - 3*j(p). Calculate o(3).
-17
Let f(o) = -6*o + 11. Let h be (-1)/2*(-15 - (4 + -7)). Let p(q) = 4*q - 10. Let r(z) = h*p(z) + 5*f(z). Give r(-6).
31
Let o = 370 + -364. Let l be 0/(o/(-21) - (-160)/70). Let s(k) = -k**2 - 2*k - 9. What is s(l)?
-9
Let o(p) = -p**3 - 2*p**2 + 3*p + 1. Let u(v) = 45*v**3 + 4*v**2 + 2*v - 5. Let a be u(1). Let i = a - 48. Give o(i).
-5
Let p(c) = c - 17. Let r(s) = -15*s - 24. Let a(d) = -19*d - 24. Let n(i) = 4*a(i) - 5*r(i). Let u(q) = 3*n(q) + 4*p(q). Calculate u(-11).
-7
Let n(w) = w**2 - 3. Let b(h) = 11. Let q(o) = 7. Let c(u) = -5*b(u) + 8*q(u). Let z be (-8)/12*27/(-6). Let k(y) = z*n(y) + 7*c(y). Calculate k(2).
10
Suppose -6 = 3*g + 5*x, 6*x - 10 = 5*g + 4*x. Let q be ((4/(-6))/(2/36))/g. Let w(r) = r**2 - 7*r + 1. Give w(q).
-5
Suppose 2*l + 10 = 0, -3*l = -4*n + 3*n + 18. Let i(r) = 3*r - 5*r - 5*r**2 + 13*r**2 - 6*r**2 + 0*r - 1 + 0*r. Determine i(n).
11
Let p(d) = -6*d + 13. Let n(f) = 4*f - 10. Let h be (-10)/(-2) + 5 + 4 + -8. Let y(i) = h*n(i) + 5*p(i). What is y(3)?
-13
Suppose -4*b = 3*j - 17, -17 = -4*j - 5. Suppose 42 = 13*z - 7*z. Let n(o) = -5*o + 5. Let w(a) = 12*a - 11. Let k(r) = z*n(r) + 3*w(r). Give k(b).
4
Let c(k) be the second derivative of -k**5/20 + k**4/6 + 5*k**3/6 - k. Suppose 43*h + 36 = 46*h. Suppose -5*b + 4*d = -28, -4*d = -3*b + 8*b - h. What is c(b)?
-12
Let p(r) = -r**3 + 15*r - 5. Let h(b) = 55*b - 2095. Let n be h(38). Determine p(n).
45
Let i(t) = -t**3 - t + 5. Let b be i(0). Let x(p) = 3*p**3 - p**2 - 2*p - 1. Let n(s) = 7*s**3 - 6*s - 1. Let o(d) = -2*n(d) + 5*x(d). Calculate o(b).
7
Let o(x) = 6*x + 321 + 3*x**2 + 10*x - 332 - 2*x - 4*x**2. What is o(14)?
-11
Let b(w) = 4*w**2 - 16*w - 12. Let f(a) = 13*a**2 - 66*a - 48. Let k(c) = 9*b(c) - 2*f(c). Calculate k(-1).
10
Let z(y) = -y**2 - 7*y + 1. Let d be (-1 + 1)/(-2 + (3 - 2)). Suppose d = 5*f + 28 - 43. Suppose -4*a = -f*a + 5. Determine z(a).
11
Suppose 7*u = 5 + 9. Suppose 10 = -u*o, -6*o + 4*o - 511 = -3*g. Let d(k) = 82*k - g*k + 75*k + 3. Give d(2).
-17
Let m = 44 + -111. Let u = m - -71. Suppose u = -3*n - 2*o, -4*n - o - 2 = o. Let s(a) = -a. Determine s(n).
-2
Suppose 80 = 170*k - 178*k. Let l(y) = 2*y**2 + 20*y - 18. Determine l(k).
-18
Let m(j) = j**3 + 4*j**2 + 3*j - 1. Let y(h) = 2*h + 33. Let o be y(-15). Let p be o/((-15)/(-2)) + (-7184)/(-40). Let u be (-12)/10*p/72. Calculate m(u).
-1
Let o = -167 + 161. Let q(s) = s**3 + 6*s**2 + 8*s + 46. Let g be q(o). Let u(i) = 0*i - 4*i - 1 + 2*i. What is u(g)?
3
Let w(z) = 6*z - 36. Let f be (57/(-2))/(-9 - -3) - (-167)/668. Calculate w(f).
-6
Let m(b) = -2 + 3*b + 2. Let h = -825 + 830. Let o(n) = -4*n - 1. Let c(g) = h*m(g) + 4*o(g). Determine c(3).
-7
Suppose -31*j = 42*j + 219. Let h(w) be the second derivative of w**4/12 + 5*w**3/6 + w**2 + 8*w. Determine h(j).
-4
Let i(j) be the third derivative of j**6/120 - j**5/20 - j**4/24 + j**3/6 + 3*j**2. Suppose 9 = 3*p - 4*s, -p = 6*s - 7*s - 3. Calculate i(p).
-2
Let t(y) = -y**2 + 9*y - 4. Let n be 3 - (10 - 9)/(1/1). Suppose n*d - 94 = -80. Calculate t(d).
10
Let p(i) = 17*i + 364. Let f be p(-22). Let m(a) = a**2 + 15*a + 43. What is m(f)?
-7
Let d(g) = 625*g - 1. Let h(b) = -114*b. Let z(m) = -4*d(m) - 22*h(m). Give z(-6).
-44
Suppose 0*b = b - 1. Suppose 4*l = -3*h - b - 4, 12 = -4*h. Let c(x) be the second derivative of -5*x**3/2 + x**2/2 - 71*x - 1. Calculate c(l).
-14
Suppose 3*w + 3*w = -6. Let v(d) = d + 1. Let b(y) = -2*y**2 + 2*y + 3. Let x = -21 + 22. Let l(q) = x*b(q) - 2*v(q). Calculate l(w).
-1
Let f(m) be the first derivative of 3*m**4/2 + m**2/2 - m - 2. Let x = -365 + 369. Suppose 0*c - 4*c = 4*o + 8, 2*o - x*c - 14 = 0. What is f(o)?
6
Let g = 3240 + -3232. Let m(x) = 5*x - 31. Calculate m(g).
9
Let b(r) be the third derivative of -r**5/60 + 3*r**3 - 5822*r**2. What is b(-12)?
-126
Let q(f) = 14*f - 179. Let y be q(13). Suppose -4*l + 13 = -y*d, -5*d + 11 + 14 = 5*l. Let t(v) = -5*v**3 + v - 2. Give t(d).
-6
Let b(i) = -i**2 + 5*i + 3. Let y be (-2)/((-2*4/32)/5). Let f = y - 36. Calculate b(f).
7
Let k(d) = d**2 + 9*d - 1. Let f(q) be the second derivative of q**5/20 + 2*q**4/3 + 5*q**3/2 + 55*q**2 + 131*q. Let u be f(-8). Calculate k(u).
9
Let t(u) = 9*u - 121. Let z be t(14). Suppose 0 = -b - 5*c + z, 5*b - 5*c - 1 = -6. Let w(i) = -i**2 + i - 2. What is w(b)?
-2
Let n(a) = a**3 - a**2 - a + 1. Suppose b + 7 = -3*t + 5, 22 = -5*t + 3*b. Let l(g) = -2*g**3 - 3*g**2 + g - 1. Let o be l(t). Give n(o).
0
Let y(j) be the second derivative of j**5/24 + 25*j**3/3 - j**2/2 - j - 70. Let d(o) be the second derivative of y(o). Calculate d(-2).
-10
Let l = -15604 - -15600. Let w(k) = 49*k + 185. Give w(l).
-11
Let a = -7882 - -15765/2. Let u(l) be the second derivative of 0 - 15*l + a*l**3 - 1/2*l**2. Calculate u(-4).
-13
Let b(k) = -14*k**2 - 9*k + 10. Let w be b(1). Let q be (w - -17) + (-18)/2 + 2. Let l(c) = -c**2 - 2. Give l(q).
-11
Let j(d) be the third derivative of d**5/30 - d**4/8 + d**3/3 - d**2 - 6*d + 11. Suppose -o = -1 - 3. What is j(o)?
22
Let o(g) be the second derivative of 11*g**3/2 - 45*g**2 + 230*g - 14. Give o(3).
9
Let d(y) = -43*y + 628. Let u(l) = -132*l + 1896. Let c(r) = 16*d(r) - 5*u(r). Determine c(20).
8
Suppose -70*m - 14 = 61*m - 124*m. Let l(t) be the second derivative of t - 1/6*t**4 - 1/3*t**3 + 0 - 3/2*t**2. Calculate l(m).
-7
Let x(b) = 2*b**2 - 76*b + 80. Let o be x(37). Let v(d) = -d + 0*d - o*d**2 + 1 - 3*d**2. Calculate v(-2).
-33
Let c(y) = 15*y - 272. Let s be c(19). Let b(j) = -2*j - s*j + 130 - j**2 + 147 - 264 + 0*j**2. Calculate b(-16).
-3
Let v(b) = -34*b**2 - 36*b**2 - 12*b + 0*b**3 + b**3 + 35 + 62*b**2 - 4. Determine v(9).
4
Let l(y) b